?
24
Let j = -16 + 24. Let v be ((-44)/(-8))/(4/j). What is the greatest common divisor of v and 121?
11
Suppose 26*g = -g + 2457. What is the greatest common divisor of 130 and g?
13
Let i = -23 + 13. Let a = 3 + -8. Let o be ((-16)/i)/(a/(-25)). What is the greatest common divisor of 32 and o?
8
Let p be 8/6*378/36. Calculate the greatest common factor of 49 and p.
7
Suppose -2*g + 5*z = 385, -2*g + 4*z - 246 = 134. Let l be ((-1)/(-2))/((-15)/g). Calculate the highest common factor of 48 and l.
6
Suppose -3*s = -4*s + 2. Suppose -2*z + 14 = 5*k, z = 7*k - s*k + 7. What is the highest common factor of 63 and z?
7
Suppose 4*u - 56 - 28 = 0. What is the greatest common divisor of 168 and u?
21
Let p = -156 - -198. Let i be 9/2*(14 - 0). What is the highest common divisor of p and i?
21
Suppose -m - 2 = z - 1, 0 = -3*z + 3*m - 15. Let k(f) = -f**2 - 4*f. Let o be k(z). What is the greatest common divisor of 3 and o?
3
Let d be 3458/56 + 1/4. What is the highest common factor of d and 31?
31
Let x(u) = 9*u + 1 + 0*u**3 + u**3 - 8*u**2 - 2*u**3. Let d be x(-9). Suppose 0 = b - d - 19. What is the greatest common factor of b and 20?
20
Let s be 1*(-8 + 2)/2. Let h be s/(-1*6/10). Let w(b) = b**2 + 3*b - 4. Let p be w(h). What is the highest common factor of 24 and p?
12
Suppose -7*d - 5*o = -2*d - 2210, 5*d - 2234 = o. Suppose 0 = -3*p - 2*j + 592, 3*p = 5*j + d + 153. What is the highest common divisor of 22 and p?
22
Suppose 6 = -5*z - 14, s + 17 = -5*z. Let g = 231 - 219. Calculate the greatest common factor of g and s.
3
Let l = -110 - -376. Suppose 8*m - l = -10. Let c be 2/4 + 7/2. Calculate the greatest common factor of c and m.
4
Let f = 865 + -721. Calculate the highest common divisor of f and 208.
16
Suppose -5*s + 3*s + 4756 = -4*f, s + 4*f = 2396. What is the greatest common factor of 8 and s?
8
Let b be (-2)/(-6)*0/(-6). Suppose -10*t + 3*t + 406 = b. Calculate the greatest common divisor of 87 and t.
29
Let j(m) = 9*m - 121. Let k be j(14). Calculate the highest common factor of 31 and k.
1
Let z = 239 - 335. Let g be (3 - (-33)/(-6))*z/40. Calculate the highest common factor of 54 and g.
6
Let q = -91 - -54. Let s = -15 - q. What is the highest common factor of 66 and s?
22
Suppose -4*i - 2 = -3*t, -9 = -4*t + 4*i - 5*i. Suppose 3*x = -x + 12. Let s be x/12*t*4. Calculate the highest common divisor of s and 16.
2
Let k(m) = -m**3 - 4*m**2 + 4*m - 5. Let t be k(-5). Let o be -1 - 1 - (t - 0). Let n be (666/(-5))/(o/5). Calculate the greatest common factor of n and 37.
37
Suppose -4*w = 4*t - 32, -3*t - w = -t - 14. Let g be 46 + -3 + -1 + t. Suppose 9 - g = -3*p. What is the greatest common divisor of 39 and p?
13
Suppose 4*g - 5*f = -44 + 259, 4*f + 12 = 0. Calculate the greatest common factor of 125 and g.
25
Let t = -15 - -21. Let h(s) = s**2 + 10*s - 45. Let z(v) = v**3 - 13*v**2 - 15. Let j be z(13). Let k be h(j). What is the greatest common divisor of t and k?
6
Let a(w) = -203*w + 385. Let p be a(-5). Calculate the greatest common divisor of 56 and p.
56
Let m(s) = -7*s**2 - 6 - 3 - 3*s - 6*s - s**3. Let j be m(-6). Let h = -9857 + 9884. Calculate the greatest common factor of j and h.
9
Suppose -4*w = b - 6, b = -b - 3*w + 7. Suppose -b*k = -69 - 91. Suppose -6*l + k = -l. Calculate the greatest common divisor of 16 and l.
16
Let t be 100 + (-4 - 2) + 6. Let p = 66 - 26. What is the greatest common divisor of t and p?
20
Suppose -12*t + 3 = -21. Let o be (13 - 11)*t*(9 - 0). What is the greatest common divisor of o and 9?
9
Suppose -3*w + 15 = o - 3, -5*w - 3*o + 26 = 0. Let a(l) = 6*l + 12. Let m be a(w). What is the highest common factor of m and 6?
6
Let k be (8 + -4 + 0 - 2) + 193. Suppose -4*l = 9*l - k. Calculate the greatest common factor of 15 and l.
15
Let a be (-8)/(-3) - (-20)/60. Suppose -a*t + 27 = -t + r, 0 = 2*t - 5*r - 21. What is the greatest common factor of 117 and t?
13
Let t(v) = -v**3 - 11*v**2 + v + 12. Let o be t(-11). Suppose -o = -2*p + 11. Calculate the greatest common divisor of p and 6.
6
Suppose -52 = -264*b + 261*b - 2*d, 3*b - 40 = 4*d. Let n be (-1244)/9 - 4/(-18). Let k = 6 - n. Calculate the highest common factor of b and k.
16
Suppose -256 = -4*t + 5*x, 0*x - 4*x = 0. What is the highest common factor of t and 8?
8
Let k(a) = -6*a**2 - 48*a - 15. Let d be k(-4). Calculate the greatest common divisor of 729 and d.
81
Let v be 3*6 + -1*1. Suppose 22544*u - 1615 = 22525*u. What is the greatest common factor of v and u?
17
Suppose -3*n + 112 = 3*u + n, n - 158 = -4*u. Let w = 92 - u. What is the highest common divisor of 13 and w?
13
Let t = 688 + -394. What is the greatest common divisor of 14 and t?
14
Suppose -5*j - 56 + 356 = 0. Suppose -2*y = 5*x - 108, x - 4*y - 9 = -5. Calculate the greatest common factor of x and j.
20
Let q = -2 - -10. Let k(g) = -13*g + 7. Let c be k(-5). What is the highest common factor of q and c?
8
Suppose -166*h = -171*h + 40. Suppose 11*d - 108 = h*d. Calculate the greatest common divisor of d and 4.
4
Let v = -8 - 0. Let i(a) = a**2 + 5*a - 13. Let q be i(v). Let u = q + 7. What is the highest common factor of 198 and u?
18
Suppose 0 = 2*a - 5*o - 24, 8 = -2*a - 2*o - o. Suppose a*t + 4*t - 36 = 0. What is the greatest common factor of 54 and t?
6
Let i = 160 - 155. Suppose -4*k + 11 = -5*z, k - z = -2*k + 11. Suppose -5*q = i*o - 200, 3 = -k*o + 23. What is the greatest common factor of 245 and q?
35
Let t(x) = x**3 - 49*x**2 - x + 72. Let r be t(49). Calculate the highest common divisor of r and 299.
23
Suppose -f - 2*c + 2 = 0, -2*f = -16*c + 15*c - 29. What is the highest common factor of 150 and f?
6
Suppose -6*f + 787 - 217 = 0. What is the highest common divisor of f and 19?
19
Let y(w) = -w**3 - 5*w**2 + 8*w + 24. Suppose -42 = -91*m + 97*m. Let n be y(m). Calculate the highest common divisor of 22 and n.
22
Let o(x) = -x**2 - 17*x - 37. Let i be o(-10). Let z be (-4)/20 + i/15. What is the greatest common divisor of z and 5?
1
Suppose -4*w = y - 5, -4*y + 5*y - 5 = 4*w. Suppose w*m = -5*m + 25. Suppose 0 = -m*x + 10 + 10. Calculate the greatest common divisor of x and 4.
4
Suppose -4*o = 3*t - 44, -3*o + 6 = -4*t - 2. Let i = o + -4. Suppose i*m - 18 = 22. Calculate the greatest common factor of 20 and m.
10
Suppose -2*d = -0*h - 5*h + 98, 63 = 3*h + 3*d. What is the greatest common factor of h and 20?
20
Suppose -2*c + a + 76 = 0, -4*c + 164 = 15*a - 14*a. What is the highest common divisor of 440 and c?
40
Suppose -3*r = 2*r - 45. Let i be (2 - -1)/(6/4). Suppose g - 14 = i*b, r*g - 6*g - 3*b - 42 = 0. What is the greatest common divisor of 7 and g?
7
Let h = -239 + 267. Suppose 4*c - 5*z = 570, 3*z - 130 = -c - 2*z. What is the greatest common factor of c and h?
28
Let w(c) = c - 2. Let a be w(6). Suppose 6*g = 10*g - a. Let n = -5 - -15. What is the highest common factor of g and n?
1
Let y = 685 + -295. Calculate the greatest common factor of y and 234.
78
Let t = 462 - 270. Let v = 60 + t. Suppose 468 = 4*d + 4*q, 2*d - 2*q = 2*q + v. What is the highest common divisor of d and 48?
24
Let u be (3 - (-15)/(-4))*(-264)/9. Let c = 38 + -16. What is the greatest common factor of c and u?
22
Let o = 129 - 93. What is the highest common divisor of o and 684?
36
Let g = -54 + 59. Suppose -z + g = w, 2*w + 5*z - 9 = 13. What is the greatest common factor of w and 5?
1
Suppose 2*v + 95 = h, 26*v - 439 = -5*h + 27*v. What is the highest common divisor of h and 783?
87
Let k = -217 - -52. Let q = k - -241. What is the highest common factor of 190 and q?
38
Let s = 24 - 14. Let d be ((-6)/10)/((-2)/s). Suppose -5*z = d*h - 101, -68 = -2*h - 4*z - 0*z. Calculate the highest common divisor of 16 and h.
16
Suppose 93 = -18*f + 687. What is the greatest common divisor of f and 990?
33
Suppose 0*z - 3*z + 9*z = 0. Suppose p - 3*t - 13 = z, 3*p - 2*t = -3*t - 1. What is the highest common factor of 9 and p?
1
Let h = -143 - -164. What is the highest common factor of 189 and h?
21
Let k(v) = 2*v**2 + 5*v - 3. Let u be k(-4). Let o(t) = -7*t**2 + 2*t + 2. Let n be o(-2). Let g = -21 - n. What is the greatest common divisor of u and g?
9
Let u be 126/8 + (-44)/(-176). What is the highest common divisor of u and 64?
16
Let y be 6/(-2) + (8 - 1). Let d be -1 - (-